at are the prime factors of v?
2, 17
What are the prime factors of (260/(-60))/((-1)/93)?
13, 31
Suppose y - 36936 = -18*y. What are the prime factors of y?
2, 3
Suppose -4*y + 3*y - 4*n = 12, -24 = -y + 5*n. Suppose -y*o = -3*h + 10, -h = -3*h - 4*o + 20. What are the prime factors of h?
2, 3
Let t(x) = 14*x**2 - 3*x. Suppose 7 = 5*j - c, 3*j - 2*c + 10 = 5*j. Let a be t(j). Suppose 0*g - a = -5*g. What are the prime factors of g?
2, 5
Let k = -14 - 79. What are the prime factors of 1 - 8/12*k?
3, 7
Let g(w) = -223*w. Let d be g(-1). Let o = d - 159. List the prime factors of o.
2
Suppose -5*m - 8*a = -6*a - 12, -2*m - 5*a = -9. Suppose -m*j + 0*p + 4*p = -382, -2*j = -p - 376. List the prime factors of j.
11, 17
Let q(g) = g**3 + 8*g**2 - 10*g + 12. Suppose 5*f = 4*s + 31, 0 = 3*s + 5*f + 12 + 20. What are the prime factors of q(s)?
3, 7
Let d(z) be the first derivative of 2*z**3 - z**2/2 + 8. List the prime factors of d(4).
2, 23
Suppose 0 = -5*u + 2416 + 2549. What are the prime factors of u?
3, 331
What are the prime factors of (-28 - 4036)/(-1 - 1)?
2, 127
Suppose 5*t - 502 = 3*t - 4*p, -5*t - 3*p = -1262. What are the prime factors of t?
11, 23
Suppose 45*q - 1403 - 13357 = 0. What are the prime factors of q?
2, 41
Suppose 0 = 2*b + b - 5*j - 530, 5*b - 5*j - 890 = 0. What are the prime factors of b?
2, 3, 5
Let m = 465 - -341. List the prime factors of m.
2, 13, 31
Suppose 3657 = 12*h - 9063. What are the prime factors of h?
2, 5, 53
Let n(w) = 2*w**2 + 2*w - 31. What are the prime factors of n(28)?
3, 59
Let b(s) = -12*s + 33*s**3 - 6 - 32*s**3 + 10*s**2 - 1. Let g be b(-11). Suppose g*l + 2*l = 126. List the prime factors of l.
3, 7
Let i(q) = -2*q - 8. Let c be i(0). Let m be 2 - -2*(-4)/c. Let s = m - -7. What are the prime factors of s?
2, 5
Suppose 5*i = 2*i - 84. Let g(v) = -v**2 - 32*v - 3. What are the prime factors of g(i)?
109
Let g(h) = -8*h. Let l be g(3). Let n = 43 + -78. Let x = l - n. List the prime factors of x.
11
Suppose 4*l - 2*o - 12 = 0, -3*o + 1 = -l + 4. Let f(k) = 10*k**2 - 6*k + 5. What are the prime factors of f(l)?
7, 11
Suppose -4*a = -3*o - 2, 4*a + 0*a = -4*o - 12. List the prime factors of (2/o)/((-2)/100).
2, 5
Suppose p + 5*y + 353 = 4*p, 3*p + 4*y = 371. Let k = p + -70. What are the prime factors of k?
3, 17
Let g(o) = -28*o - 15. Let m be g(3). What are the prime factors of 2 - 2 - 0 - (m + 1)?
2, 7
Suppose 265 = 5*k - 5. Let v be (-2)/(-3) + (-36)/k. Suppose -t + 67 = 3*i, -4*i + v*t = 2*t - 86. List the prime factors of i.
2, 3
Suppose -5*o + 4*z = -15406, o - 1440 = -z + 1634. What are the prime factors of o?
2, 3, 19
Let d(t) = -132*t - 513. List the prime factors of d(-11).
3, 313
Suppose -3*g - 10 = -4*g - 4*z, 0 = -3*g + 3*z. Let j = g - 3. Let m = j - -5. List the prime factors of m.
2
Suppose 3*o + 814 = 4*u + 5*o, 4*u + 5*o = 817. What are the prime factors of u?
7, 29
Let a = 47 + 81. Suppose -a = -4*m - 5*d, 0 = -0*m - 4*m - 3*d + 136. List the prime factors of m.
37
Suppose 240 = -0*c + 5*c. Let u be (-4)/10 + 36/15. Suppose 0*p = -u*p + c. List the prime factors of p.
2, 3
Suppose -s - 3*x = -18, -s + 13 = -x - x. Let y be 1/57*6 - (-393)/57. Let r = s - y. What are the prime factors of r?
2
Let z = 22 + -68. List the prime factors of (24/4)/2 - z.
7
Let h(y) = -y + 15. Let f = -31 - -31. What are the prime factors of h(f)?
3, 5
Let q(u) = -3*u - 69. Let l be q(-18). Let m(k) = 2*k**2 + 29*k - 2. List the prime factors of m(l).
13
Suppose 4*c = -0*c - 3*h + 12, -5*c = 2*h - 15. Suppose -4*s + 1 + 1 = -2*v, -4 = -c*s - v. What are the prime factors of s/((-18)/(-8) - 2)?
2
Suppose -b = -7*b + 18. Suppose b*g = 2*f - 21 - 72, 0 = 5*f - 3*g - 228. What are the prime factors of f?
3, 5
Let f(h) = -5*h**2 + 2 - 7 + 1 - h**3 - 4 - 7*h. Let u be f(-4). Suppose u*i - 174 = 94. List the prime factors of i.
67
Let n(d) = d + 8. Let w = 29 - 25. What are the prime factors of n(w)?
2, 3
Let o be (1 - 3)*50/(-20). Suppose 0 = -o*v + 87 + 48. Let t = v + -1. List the prime factors of t.
2, 13
Let o(g) = -g**2 + 2*g - 4. Suppose -2 - 2 = r. Let k be o(r). Let n = k + 52. List the prime factors of n.
2, 3
Let h be 47 + 1*(0 - 1). Suppose 16 = -r + 3*r - 2*p, 5*r - 2*p - h = 0. What are the prime factors of r?
2, 5
Let r(j) = -13*j + 11. Let w be r(5). What are the prime factors of ((-3)/(-2))/((-9)/w)?
3
Let y(h) = -h**3 + 6*h**2 + 2*h - 8. Let g be y(6). Suppose -4*u + g + 88 = 0. Let p = 42 - u. What are the prime factors of p?
19
Let f = -3 + 7. Suppose 5*a + 5*q + 15 = 0, f*a + 5*q + 17 = -0*q. Suppose -105 = -5*y + 5*j, 0*y = -5*y + a*j + 93. What are the prime factors of y?
17
Suppose z + 49 = 27. What are the prime factors of (z + 19)*47/(-3)?
47
Let m = 74 + -86. Let h = 64 + m. What are the prime factors of h?
2, 13
Suppose -u + 3*o + 303 = 0, -3*u + u + 612 = -4*o. Suppose 0*v = 4*v - u. List the prime factors of v.
2, 3, 13
Suppose j - 4*j = -114. Let f be (-4 + 1)/((-18)/(-132)). Let d = j + f. List the prime factors of d.
2
Suppose 3*g - 55 = z + 97, 4*z = 3*g - 167. Suppose 2*u + h + 32 = 0, -2*u - g = -3*h - 17. What are the prime factors of ((-15)/(-2))/((-6)/u)?
2, 5
Let g(k) = k**3 + 13*k**2 - 21*k + 6. List the prime factors of g(-13).
3, 31
List the prime factors of (-6)/4*2 + 307.
2, 19
Let o = 46 - 44. Suppose -64 = -o*v + 92. List the prime factors of v.
2, 3, 13
Suppose 3*q = q + 20. Suppose -36 = -2*m - q. Suppose 8*c = 7*c + m. What are the prime factors of c?
13
Let z(j) = 60*j + 93. What are the prime factors of z(8)?
3, 191
Let k = 521 + -367. List the prime factors of k.
2, 7, 11
Suppose 5*d = -2*s - 11, -4*s - d + 10 = -13. Suppose 4*u + 3*y = 55, -u + 2*y + 4 + s = 0. Suppose -l + 3 + u = 0. List the prime factors of l.
2
Let m(z) = -z**3 - 4*z**2 - 3. Let o be m(-3). Let w(p) be the first derivative of -p**2/2 - 5*p + 1. List the prime factors of w(o).
7
What are the prime factors of 251 - (1 + 5 + 26 + -33)?
2, 3, 7
Suppose 8*b - 1514 = 846. What are the prime factors of b?
5, 59
Suppose 4*q + 39 = -5*f, 2*q - f = q - 3. Let d(y) = -6*y + 3. List the prime factors of d(q).
3, 13
Suppose -66*q = -56*q - 7650. List the prime factors of q.
3, 5, 17
Let r(s) = 4*s + 5. Suppose -4*x + 4*l = -20, l = 4*x + 4*l - 13. Let p be 22/3 + x/(-12). What are the prime factors of r(p)?
3, 11
Suppose z + 25 - 30 = 0. Suppose z*g - 4*w = 424, -2*w + 5*w + 87 = g. Suppose 63 = 3*s + 2*r - 3*r, -4*s = 3*r - g. List the prime factors of s.
3, 7
Let o be 2/(-6) - 119/(-51). Suppose -4*r + o = -58. List the prime factors of r.
3, 5
Let j(i) = -i**2 + 8*i + 13. Let d be j(10). Let w = d - -11. Suppose w*x - 84 = 32. What are the prime factors of x?
29
Suppose 506 + 4 = 6*q. What are the prime factors of q?
5, 17
Let b be (15/3)/(15/6). Suppose b*q - m - 181 = 0, -4*q + 2*m - 7*m + 341 = 0. List the prime factors of q.
89
Let s be (-3)/6*2*91. Let v = s - -129. Let x = -25 + v. List the prime factors of x.
13
Let w(u) = -3*u + 5. Let l be w(5). Let c(d) = -17*d - 1. Let b be c(-1). Let h = b - l. List the prime factors of h.
2, 13
Suppose 3*a - 24 = -3*a. Suppose 0 = 2*n + 2*n - 20, a*i - 205 = -n. List the prime factors of i.
2, 5
Let i = 16 - 9. Let a = -5 + i. Suppose -d + 26 = g + 1, -a*d + 50 = 5*g. What are the prime factors of d?
5
Let c(b) = -b**2 - 3*b + 6. Let y be c(-4). Suppose -y*t - 2*t = g - 15, -5*g + 31 = -2*t. What are the prime factors of g?
7
Let f(o) = -o**3 - 15*o**2 - 17*o + 23. Let b(t) = t**3 + t**2 - 1. Let s(w) = -2*b(w) - f(w). Let c be s(14). Let v = c + -3. List the prime factors of v.
2, 3
Let h be -3 - -7 - 11*11. Let r = h - -176. What are the prime factors of r?
59
Let p = -83 + 85. Let v(w) = 9*w**3 + w**2 - 8*w + 3. Let c(h) = 17*h**3 + 2*h**2 - 15*h + 6. Let g(i) = 4*c(i) - 7*v(i). What are the prime factors of g(p)?
3, 13
Let u = 19 - 14. Let f = 39 + u. What are the prime factors of f?
2, 11
Let u(d) = 3*d + 7. Let j be u(6). Suppose 5*k + 4*l + 15 = -10, -5*k = -4*l + j. Let i(g) = g**3 + 6*g**2 - 4*g - 11. List the prime factors of i(k).
2, 17
Suppose -5*a + 11 = 3*n - 39, -55 = -5*a - 2*n. Let g(m) = a*m + 44*m**2 - 19*m + 7*m. List the prime factors of g(1).
3, 5
Let b = 6063 - 9804. What are the prime factors of (-2)/5 - b/15?
3, 83
Let c = -6